{"id":136,"date":"2020-04-17T03:33:50","date_gmt":"2020-04-17T03:33:50","guid":{"rendered":"http:\/\/gpoferro.com\/?page_id=136"},"modified":"2022-09-08T00:33:00","modified_gmt":"2022-09-08T00:33:00","slug":"grupo-ferro","status":"publish","type":"page","link":"https:\/\/gpoferro.com\/index.php\/grupo-ferro\/","title":{"rendered":"Algunos de nuestros proveedores&#8230;"},"content":{"rendered":"\n<div class=\"wp-block-image\"><figure class=\"alignleft size-large is-resized\"><img loading=\"lazy\" decoding=\"async\" src=\"http:\/\/gpoferro.com\/wp-content\/uploads\/2020\/04\/swafLogo.png\" alt=\"\" class=\"wp-image-219\" width=\"362\" height=\"102\" srcset=\"https:\/\/gpoferro.com\/wp-content\/uploads\/2020\/04\/swafLogo.png 493w, https:\/\/gpoferro.com\/wp-content\/uploads\/2020\/04\/swafLogo-300x85.png 300w\" sizes=\"(max-width: 362px) 100vw, 362px\" \/><\/figure><\/div>\n\n\n\n<p class=\"has-text-align-left\"><a href=\"https:\/\/www.sherwinautomotive.com.mx\/p-flex.php\">Sherwin Williams<\/a> cuenta con un amplio portafolio de productos vers\u00e1tiles que ayudan a realizar diversos tipos de reparaciones de una forma sencilla y econ\u00f3mica. Cuenta con sistemas tipo Laca Acr\u00edlica, Esmalte Acr\u00edlico y de Poliuretano que permiten el adecuado repintado de veh\u00edculos y flotillas. Adicionalmente existe una amplia gama de primarios y transparentes \u00fanicos en su tipo que permiten obtener reparaciones de gran calidad al mejor precio.<\/p>\n\n\n\n<p><\/p>\n\n\n\n<div class=\"wp-block-image\"><figure class=\"alignright size-large is-resized\"><img loading=\"lazy\" decoding=\"async\" src=\"https:\/\/gpoferro.com\/wp-content\/uploads\/2020\/04\/logo-a4-V2.png\" alt=\"\" class=\"wp-image-233\" width=\"242\" height=\"146\" srcset=\"https:\/\/gpoferro.com\/wp-content\/uploads\/2020\/04\/logo-a4-V2.png 616w, https:\/\/gpoferro.com\/wp-content\/uploads\/2020\/04\/logo-a4-V2-300x181.png 300w\" sizes=\"(max-width: 242px) 100vw, 242px\" \/><\/figure><\/div>\n\n\n\n<p><br><a href=\"http:\/\/www.a4paints.com\">a4 Pinturas<\/a> cuenta con un portafolio completo en el sector automotriz e <a href=\"http:\/\/gpoferro.com\/index.php\/sistema-industrial\/\">industrial<\/a>, cuando se busca un gran acabado y duraci\u00f3n en esmaltes acr\u00edlicos, poliuretanos y transparentes de alta productividad, adem\u00e1s. En pinturas a4 encontrar\u00e1 un sistema completo y adecuado para sus necesidades para sus trabajos en repintado automotriz e industrial.<\/p>\n\n\n\n<p><\/p>\n\n\n\n<p><\/p>\n\n\n\n<div class=\"wp-block-image\"><figure class=\"alignleft size-large is-resized\"><img loading=\"lazy\" decoding=\"async\" src=\"https:\/\/gpoferro.com\/wp-content\/uploads\/2021\/10\/logo1-noland.png\" alt=\"\" class=\"wp-image-361\" width=\"288\" height=\"53\"\/><\/figure><\/div>\n\n\n\n<p>Empresa dedicada al desarrollo de todo lo relacionado con la industria de la pintura electrost\u00e1tica en polvo. Manejando una amplia gama de productos como son pintura, qu\u00edmicos de pretratamiento, refacciones, servicio t\u00e9cnico y equipos de aplicaci\u00f3n los cuales fueron desarrollados con la mas alta calidad.<\/p>\n\n\n\n<p><\/p>\n\n\n\n<div class=\"wp-block-image\"><figure class=\"alignright size-large is-resized\"><img loading=\"lazy\" decoding=\"async\" src=\"https:\/\/gpoferro.com\/wp-content\/uploads\/2020\/04\/logo-3M-1024x539.png\" alt=\"\" class=\"wp-image-239\" width=\"220\" height=\"116\" srcset=\"https:\/\/gpoferro.com\/wp-content\/uploads\/2020\/04\/logo-3M-1024x539.png 1024w, https:\/\/gpoferro.com\/wp-content\/uploads\/2020\/04\/logo-3M-300x158.png 300w, https:\/\/gpoferro.com\/wp-content\/uploads\/2020\/04\/logo-3M-768x404.png 768w, https:\/\/gpoferro.com\/wp-content\/uploads\/2020\/04\/logo-3M.png 1200w\" sizes=\"(max-width: 220px) 100vw, 220px\" \/><\/figure><\/div>\n\n\n\n<p><br>Con casi 100 a\u00f1os de experiencia en la industria automotriz, conocemos todos los rincones del dise\u00f1o, la fabricaci\u00f3n y la reparaci\u00f3n &#8211; desde ayudar a los fabricantes automotrices a optimizar el consumo de combustible con soluciones para aligerar el peso, hasta impulsar a los especialistas en la carrocer\u00eda para revolucionar los procesos de pintura.<br><br><\/p>\n","protected":false},"excerpt":{"rendered":"<p>Sherwin Williams cuenta con un amplio portafolio de productos vers\u00e1tiles que ayudan a realizar diversos tipos de reparaciones de una forma sencilla y econ\u00f3mica. Cuenta con sistemas tipo Laca Acr\u00edlica, Esmalte Acr\u00edlico y de Poliuretano que permiten el adecuado repintado de veh\u00edculos y flotillas. Adicionalmente existe una amplia gama de primarios y transparentes \u00fanicos en [&hellip;]<\/p>\n","protected":false},"author":1,"featured_media":0,"parent":0,"menu_order":0,"comment_status":"closed","ping_status":"closed","template":"","meta":{"_uag_custom_page_level_css":"","footnotes":""},"yoast_head":"<!-- This site is optimized with the Yoast SEO plugin v22.8 - https:\/\/yoast.com\/wordpress\/plugins\/seo\/ -->\n<title>Algunos de nuestros proveedores... - Grupo FERRO<\/title>\n<meta name=\"robots\" content=\"index, follow, max-snippet:-1, max-image-preview:large, max-video-preview:-1\" \/>\n<link rel=\"canonical\" href=\"https:\/\/gpoferro.com\/index.php\/grupo-ferro\/\" \/>\n<meta property=\"og:locale\" content=\"es_ES\" \/>\n<meta property=\"og:type\" content=\"article\" \/>\n<meta property=\"og:title\" content=\"Algunos de nuestros proveedores... - Grupo FERRO\" \/>\n<meta property=\"og:description\" content=\"Sherwin Williams cuenta con un amplio portafolio de productos vers\u00e1tiles que ayudan a realizar diversos tipos de reparaciones de una forma sencilla y econ\u00f3mica. Cuenta con sistemas tipo Laca Acr\u00edlica, Esmalte Acr\u00edlico y de Poliuretano que permiten el adecuado repintado de veh\u00edculos y flotillas. Adicionalmente existe una amplia gama de primarios y transparentes \u00fanicos en [&hellip;]\" \/>\n<meta property=\"og:url\" content=\"https:\/\/gpoferro.com\/index.php\/grupo-ferro\/\" \/>\n<meta property=\"og:site_name\" content=\"Grupo FERRO\" \/>\n<meta property=\"article:modified_time\" content=\"2022-09-08T00:33:00+00:00\" \/>\n<meta property=\"og:image\" content=\"http:\/\/gpoferro.com\/wp-content\/uploads\/2020\/04\/swafLogo.png\" \/>\n<meta name=\"twitter:card\" content=\"summary_large_image\" \/>\n<meta name=\"twitter:label1\" content=\"Tiempo de lectura\" \/>\n\t<meta name=\"twitter:data1\" content=\"2 minutos\" \/>\n<script type=\"application\/ld+json\" class=\"yoast-schema-graph\">{\"@context\":\"https:\/\/schema.org\",\"@graph\":[{\"@type\":\"WebPage\",\"@id\":\"https:\/\/gpoferro.com\/index.php\/grupo-ferro\/\",\"url\":\"https:\/\/gpoferro.com\/index.php\/grupo-ferro\/\",\"name\":\"Algunos de nuestros proveedores... - Grupo FERRO\",\"isPartOf\":{\"@id\":\"https:\/\/gpoferro.com\/#website\"},\"primaryImageOfPage\":{\"@id\":\"https:\/\/gpoferro.com\/index.php\/grupo-ferro\/#primaryimage\"},\"image\":{\"@id\":\"https:\/\/gpoferro.com\/index.php\/grupo-ferro\/#primaryimage\"},\"thumbnailUrl\":\"http:\/\/gpoferro.com\/wp-content\/uploads\/2020\/04\/swafLogo.png\",\"datePublished\":\"2020-04-17T03:33:50+00:00\",\"dateModified\":\"2022-09-08T00:33:00+00:00\",\"breadcrumb\":{\"@id\":\"https:\/\/gpoferro.com\/index.php\/grupo-ferro\/#breadcrumb\"},\"inLanguage\":\"es\",\"potentialAction\":[{\"@type\":\"ReadAction\",\"target\":[\"https:\/\/gpoferro.com\/index.php\/grupo-ferro\/\"]}]},{\"@type\":\"ImageObject\",\"inLanguage\":\"es\",\"@id\":\"https:\/\/gpoferro.com\/index.php\/grupo-ferro\/#primaryimage\",\"url\":\"http:\/\/gpoferro.com\/wp-content\/uploads\/2020\/04\/swafLogo.png\",\"contentUrl\":\"http:\/\/gpoferro.com\/wp-content\/uploads\/2020\/04\/swafLogo.png\"},{\"@type\":\"BreadcrumbList\",\"@id\":\"https:\/\/gpoferro.com\/index.php\/grupo-ferro\/#breadcrumb\",\"itemListElement\":[{\"@type\":\"ListItem\",\"position\":1,\"name\":\"Portada\",\"item\":\"https:\/\/gpoferro.com\/\"},{\"@type\":\"ListItem\",\"position\":2,\"name\":\"Algunos de nuestros proveedores&#8230;\"}]},{\"@type\":\"WebSite\",\"@id\":\"https:\/\/gpoferro.com\/#website\",\"url\":\"https:\/\/gpoferro.com\/\",\"name\":\"Grupo FERRO\",\"description\":\"\",\"publisher\":{\"@id\":\"https:\/\/gpoferro.com\/#organization\"},\"potentialAction\":[{\"@type\":\"SearchAction\",\"target\":{\"@type\":\"EntryPoint\",\"urlTemplate\":\"https:\/\/gpoferro.com\/?s={search_term_string}\"},\"query-input\":\"required name=search_term_string\"}],\"inLanguage\":\"es\"},{\"@type\":\"Organization\",\"@id\":\"https:\/\/gpoferro.com\/#organization\",\"name\":\"Grupo FERRO\",\"url\":\"https:\/\/gpoferro.com\/\",\"logo\":{\"@type\":\"ImageObject\",\"inLanguage\":\"es\",\"@id\":\"https:\/\/gpoferro.com\/#\/schema\/logo\/image\/\",\"url\":\"https:\/\/gpoferro.com\/wp-content\/uploads\/2020\/04\/cropped-GRUPO-FERRO-LOGO-3.png\",\"contentUrl\":\"https:\/\/gpoferro.com\/wp-content\/uploads\/2020\/04\/cropped-GRUPO-FERRO-LOGO-3.png\",\"width\":181,\"height\":109,\"caption\":\"Grupo FERRO\"},\"image\":{\"@id\":\"https:\/\/gpoferro.com\/#\/schema\/logo\/image\/\"}}]}<\/script>\n<!-- \/ Yoast SEO plugin. -->","yoast_head_json":{"title":"Algunos de nuestros proveedores... - Grupo FERRO","robots":{"index":"index","follow":"follow","max-snippet":"max-snippet:-1","max-image-preview":"max-image-preview:large","max-video-preview":"max-video-preview:-1"},"canonical":"https:\/\/gpoferro.com\/index.php\/grupo-ferro\/","og_locale":"es_ES","og_type":"article","og_title":"Algunos de nuestros proveedores... - Grupo FERRO","og_description":"Sherwin Williams cuenta con un amplio portafolio de productos vers\u00e1tiles que ayudan a realizar diversos tipos de reparaciones de una forma sencilla y econ\u00f3mica. Cuenta con sistemas tipo Laca Acr\u00edlica, Esmalte Acr\u00edlico y de Poliuretano que permiten el adecuado repintado de veh\u00edculos y flotillas. Adicionalmente existe una amplia gama de primarios y transparentes \u00fanicos en [&hellip;]","og_url":"https:\/\/gpoferro.com\/index.php\/grupo-ferro\/","og_site_name":"Grupo FERRO","article_modified_time":"2022-09-08T00:33:00+00:00","og_image":[{"url":"http:\/\/gpoferro.com\/wp-content\/uploads\/2020\/04\/swafLogo.png"}],"twitter_card":"summary_large_image","twitter_misc":{"Tiempo de lectura":"2 minutos"},"schema":{"@context":"https:\/\/schema.org","@graph":[{"@type":"WebPage","@id":"https:\/\/gpoferro.com\/index.php\/grupo-ferro\/","url":"https:\/\/gpoferro.com\/index.php\/grupo-ferro\/","name":"Algunos de nuestros proveedores... - Grupo FERRO","isPartOf":{"@id":"https:\/\/gpoferro.com\/#website"},"primaryImageOfPage":{"@id":"https:\/\/gpoferro.com\/index.php\/grupo-ferro\/#primaryimage"},"image":{"@id":"https:\/\/gpoferro.com\/index.php\/grupo-ferro\/#primaryimage"},"thumbnailUrl":"http:\/\/gpoferro.com\/wp-content\/uploads\/2020\/04\/swafLogo.png","datePublished":"2020-04-17T03:33:50+00:00","dateModified":"2022-09-08T00:33:00+00:00","breadcrumb":{"@id":"https:\/\/gpoferro.com\/index.php\/grupo-ferro\/#breadcrumb"},"inLanguage":"es","potentialAction":[{"@type":"ReadAction","target":["https:\/\/gpoferro.com\/index.php\/grupo-ferro\/"]}]},{"@type":"ImageObject","inLanguage":"es","@id":"https:\/\/gpoferro.com\/index.php\/grupo-ferro\/#primaryimage","url":"http:\/\/gpoferro.com\/wp-content\/uploads\/2020\/04\/swafLogo.png","contentUrl":"http:\/\/gpoferro.com\/wp-content\/uploads\/2020\/04\/swafLogo.png"},{"@type":"BreadcrumbList","@id":"https:\/\/gpoferro.com\/index.php\/grupo-ferro\/#breadcrumb","itemListElement":[{"@type":"ListItem","position":1,"name":"Portada","item":"https:\/\/gpoferro.com\/"},{"@type":"ListItem","position":2,"name":"Algunos de nuestros proveedores&#8230;"}]},{"@type":"WebSite","@id":"https:\/\/gpoferro.com\/#website","url":"https:\/\/gpoferro.com\/","name":"Grupo FERRO","description":"","publisher":{"@id":"https:\/\/gpoferro.com\/#organization"},"potentialAction":[{"@type":"SearchAction","target":{"@type":"EntryPoint","urlTemplate":"https:\/\/gpoferro.com\/?s={search_term_string}"},"query-input":"required name=search_term_string"}],"inLanguage":"es"},{"@type":"Organization","@id":"https:\/\/gpoferro.com\/#organization","name":"Grupo FERRO","url":"https:\/\/gpoferro.com\/","logo":{"@type":"ImageObject","inLanguage":"es","@id":"https:\/\/gpoferro.com\/#\/schema\/logo\/image\/","url":"https:\/\/gpoferro.com\/wp-content\/uploads\/2020\/04\/cropped-GRUPO-FERRO-LOGO-3.png","contentUrl":"https:\/\/gpoferro.com\/wp-content\/uploads\/2020\/04\/cropped-GRUPO-FERRO-LOGO-3.png","width":181,"height":109,"caption":"Grupo FERRO"},"image":{"@id":"https:\/\/gpoferro.com\/#\/schema\/logo\/image\/"}}]}},"uagb_featured_image_src":{"full":false,"thumbnail":false,"medium":false,"medium_large":false,"large":false,"1536x1536":false,"2048x2048":false},"uagb_author_info":{"display_name":"GPOFERRO","author_link":"https:\/\/gpoferro.com\/index.php\/author\/wnnylrhp4c\/"},"uagb_comment_info":0,"uagb_excerpt":"Sherwin Williams cuenta con un amplio portafolio de productos vers\u00e1tiles que ayudan a realizar diversos tipos de reparaciones de una forma sencilla y econ\u00f3mica. Cuenta con sistemas tipo Laca Acr\u00edlica, Esmalte Acr\u00edlico y de Poliuretano que permiten el adecuado repintado de veh\u00edculos y flotillas. Adicionalmente existe una amplia gama de primarios y transparentes \u00fanicos en&hellip;","_links":{"self":[{"href":"https:\/\/gpoferro.com\/index.php\/wp-json\/wp\/v2\/pages\/136"}],"collection":[{"href":"https:\/\/gpoferro.com\/index.php\/wp-json\/wp\/v2\/pages"}],"about":[{"href":"https:\/\/gpoferro.com\/index.php\/wp-json\/wp\/v2\/types\/page"}],"author":[{"embeddable":true,"href":"https:\/\/gpoferro.com\/index.php\/wp-json\/wp\/v2\/users\/1"}],"replies":[{"embeddable":true,"href":"https:\/\/gpoferro.com\/index.php\/wp-json\/wp\/v2\/comments?post=136"}],"version-history":[{"count":34,"href":"https:\/\/gpoferro.com\/index.php\/wp-json\/wp\/v2\/pages\/136\/revisions"}],"predecessor-version":[{"id":370,"href":"https:\/\/gpoferro.com\/index.php\/wp-json\/wp\/v2\/pages\/136\/revisions\/370"}],"wp:attachment":[{"href":"https:\/\/gpoferro.com\/index.php\/wp-json\/wp\/v2\/media?parent=136"}],"curies":[{"name":"wp","href":"https:\/\/api.w.org\/{rel}","templated":true}]}}